{"id":114,"date":"2017-08-20T17:23:41","date_gmt":"2017-08-20T20:23:41","guid":{"rendered":"http:\/\/sorbellini.com.ar\/dolphin\/?post_type=product&#038;p=114"},"modified":"2022-11-02T08:01:22","modified_gmt":"2022-11-02T11:01:22","slug":"robot-dolphin-s200","status":"publish","type":"product","link":"https:\/\/www.sorbellini.com.ar\/dolphin\/producto\/robot-dolphin-s200\/","title":{"rendered":"ROBOT DOLPHIN S200 CONSULTAR PRECIO"},"content":{"rendered":"<h1>Robot Dolphin S200 Limpia piso pared y l\u00ednea de flotaci\u00f3n<\/h1>\n<p style=\"text-align: center;\"><strong>CONSULTAR STOCK&nbsp;<\/strong><\/p>\n<h2 style=\"text-align: center;\"><strong>IMPORTANTES DESCUENTOS PAGO CONTADO &#8230; CONTACTANOS!!!!!!<\/strong><\/h2>\n<ul>\n<li>Piscinas de hasta 12 mts. de longitud.<\/li>\n<li>Cepilla, aspira y filtra pisos, \u00e1ngulos, paredes y l\u00ednea de flotaci\u00f3n.<\/li>\n<li>Opci\u00f3n de limpieza Est\u00e1ndar.<\/li>\n<li>Ciclo de limpieza de 2 hs.<\/li>\n<li>Cepillo Activo. Elimina algas y bacterias.<\/li>\n<li>Canasta de filtrado de f\u00e1cil limpieza + kit de filtros ultrafinos.<\/li>\n<li>Longitud del cable 18 mts.<\/li>\n<li>12 meses de garant\u00eda.<\/li>\n<\/ul>\n<h2><strong>IMPORTANTE DESCUENTO PAGO CONTADO &#8230;. CONSULTANOS !!!!<\/strong><\/h2>\n<p><strong>Cepillo Activo<\/strong><br \/>\nCepillo activo que rota a 2x de la velocidad del limpiafondos aumentando sus capacidades de limpieza.<\/p>\n<p><strong>CleverCleanTM La Mejor Tecnolog\u00eda De Limpieza De Piscinas \u2013 Sin Lugar A Dudas La Mejor Tecnolog\u00eda En Limpieza De Piscinas<\/strong><br \/>\nEste escaneo cubre sistem\u00e1ticamente cada cent\u00edmetro de su piscina, sin dejar de fregar ni una baldosa. El algoritmo de escaneado CleverCleanTM asegura una excelente y eficiente cobertura de Ia piscina.<\/p>\n<h2>Por qu\u00e9 comprar en <strong>Sorbellini y Sorbellini SRL ?<\/strong><\/h2>\n<p>Sorbellini y Sorbellini SRL es uno&nbsp; de los distribuidores Dolphin mas importantes del pa\u00eds, contamos con mas de 15 a\u00f1os comercializando la marca Dolphin, siendo pioneros en la venta de equipos rob\u00f3ticos para limpieza de piscinas.<\/p>\n<p>Contamos con amplio Stock de equipos permanente y la estructura necesaria para llegar a cualquier rinc\u00f3n del pa\u00eds.<\/p>\n<p>Adem\u00e1s contamos con servicio t\u00e9cnico oficial Dolphin en nuestras instalaciones y personal altamente calificado que puede ayudarte al momento de definir la mejor opci\u00f3n para tu piscina.<\/p>\n","protected":false},"excerpt":{"rendered":"<h2><strong>Consultar descuento precio contado o transferencia Bancaria!!!!!\u00a0<\/strong><\/h2>\n<p>Env\u00edo Gratis<\/p>\n<ul>\n<li>Piscinas de hasta 12 mts. de longitud.<\/li>\n<li>Cepilla, aspira y filtra pisos, \u00e1ngulos, paredes y l\u00ednea de flotaci\u00f3n.<\/li>\n<li>Opci\u00f3n de limpieza Est\u00e1ndar.<\/li>\n<li>Ciclo de limpieza de 2 hs.<\/li>\n<li>Cepillo Activo. Elimina algas y bacterias.<\/li>\n<li>Canasta de filtrado de f\u00e1cil limpieza + kit de filtros ultrafinos.<\/li>\n<\/ul>\n","protected":false},"featured_media":1652,"template":"","meta":[],"_links":{"self":[{"href":"https:\/\/www.sorbellini.com.ar\/dolphin\/wp-json\/wp\/v2\/product\/114"}],"collection":[{"href":"https:\/\/www.sorbellini.com.ar\/dolphin\/wp-json\/wp\/v2\/product"}],"about":[{"href":"https:\/\/www.sorbellini.com.ar\/dolphin\/wp-json\/wp\/v2\/types\/product"}],"wp:featuredmedia":[{"embeddable":true,"href":"https:\/\/www.sorbellini.com.ar\/dolphin\/wp-json\/wp\/v2\/media\/1652"}],"wp:attachment":[{"href":"https:\/\/www.sorbellini.com.ar\/dolphin\/wp-json\/wp\/v2\/media?parent=114"}],"curies":[{"name":"wp","href":"https:\/\/api.w.org\/{rel}","templated":true}]}}