{"id":1645,"date":"2022-11-02T07:44:02","date_gmt":"2022-11-02T10:44:02","guid":{"rendered":"https:\/\/www.sorbellini.com.ar\/dolphin\/?post_type=product&#038;p=1645"},"modified":"2022-11-02T07:52:31","modified_gmt":"2022-11-02T10:52:31","slug":"dolphin-pool-up","status":"publish","type":"product","link":"https:\/\/www.sorbellini.com.ar\/dolphin\/producto\/dolphin-pool-up\/","title":{"rendered":"Dolphin Pool Up"},"content":{"rendered":"\n<p>Descubre una Experiencia Excepcional<br>Robot limpiafondos Dolphin POOL up dise\u00f1ado espec\u00edficamente para piscinas elevadas o enterradas de peque\u00f1as dimensiones y con fondo plano o ligera pendiente. Este robot drop and go es liviano y muy f\u00e1cil de usar, y no es necesario preinstalarlo ni conectarlo a los sistemas de la piscina. El robot limpia de forma eficaz y en profundidad el suelo y las paredes de la piscina, dej\u00e1ndolos impecables. El bajo consumo de energ\u00eda y el apagado autom\u00e1tico garantizan ahorros con cada limpieza.<\/p>\n\n\n\n<p><\/p>\n\n\n\n<h2><strong>IMPORTANTE DESCUENTO PAGO CONTADO O TRANSFERENCIA&#8230;&nbsp;<\/strong><strong>CONTACTANOS !!!!<\/strong><\/h2>\n\n\n\n<p>Hacemos FACTURA A o B<\/p>\n\n\n\n<h2>Por qu\u00e9 comprar en <strong>Sorbellini y Sorbellini SRL ?<\/strong><\/h2>\n\n\n\n<p>Sorbellini y Sorbellini SRL es uno&nbsp; de los distribuidores Dolphin mas importantes del pa\u00eds, contamos con mas de 15 a\u00f1os comercializando la marca Dolphin, siendo pioneros en la venta de equipos rob\u00f3ticos para limpieza de piscinas.<\/p>\n\n\n\n<p>Contamos con amplio Stock de equipos permanente y la estructura necesaria para llegar a cualquier rinc\u00f3n del pa\u00eds.<\/p>\n\n\n\n<p>Adem\u00e1s contamos con servicio t\u00e9cnico oficial Dolphin en nuestras instalaciones y personal altamente calificado que puede ayudarte al momento de definir la mejor opci\u00f3n para tu piscina.<\/p>\n","protected":false},"excerpt":{"rendered":"<p>Descubre una Experiencia ExcepcionalRobot limpiafondos Dolphin POOL up dise\u00f1ado espec\u00edficamente para piscinas elevadas o enterradas de peque\u00f1as dimensiones y con fondo plano o ligera pendiente. Este robot drop and go es liviano y muy f\u00e1cil de usar, y no es necesario preinstalarlo ni conectarlo a los sistemas de la piscina. El robot limpia de forma [&hellip;]<\/p>\n","protected":false},"featured_media":1646,"template":"","meta":[],"_links":{"self":[{"href":"https:\/\/www.sorbellini.com.ar\/dolphin\/wp-json\/wp\/v2\/product\/1645"}],"collection":[{"href":"https:\/\/www.sorbellini.com.ar\/dolphin\/wp-json\/wp\/v2\/product"}],"about":[{"href":"https:\/\/www.sorbellini.com.ar\/dolphin\/wp-json\/wp\/v2\/types\/product"}],"wp:featuredmedia":[{"embeddable":true,"href":"https:\/\/www.sorbellini.com.ar\/dolphin\/wp-json\/wp\/v2\/media\/1646"}],"wp:attachment":[{"href":"https:\/\/www.sorbellini.com.ar\/dolphin\/wp-json\/wp\/v2\/media?parent=1645"}],"curies":[{"name":"wp","href":"https:\/\/api.w.org\/{rel}","templated":true}]}}